4*r + 5*r - 3*l = -45, 3*r + 95 = -l. Let d = -25 - r. What is q(d)?
20
Let y(g) be the first derivative of -g**6/360 + 13*g**5/120 - 23*g**4/24 + 2*g**3/3 + 11*g - 56. Let d(s) be the third derivative of y(s). Determine d(10).
7
Suppose 11*p - 12*p = -6. Let o(i) = -8 - 9 + 2*i**2 - 3*i**2 - p*i + 15. Suppose -f = 7 - 1. Determine o(f).
-2
Let d(g) be the third derivative of -g**5/60 + 7*g**4/24 - 4*g**3/3 - 19*g**2 - 3*g. Suppose -3*h + 19 = o, -2*h = 2*o - 1 - 9. Calculate d(h).
-8
Let c(b) = -b**3 - 8*b**2 + 1. Suppose -15*q + 9*q = -18. Suppose 2*n + 28 = -q*s, s + 28 = -0*n - 3*n. Calculate c(n).
1
Let p(x) be the second derivative of -x**4/12 - 2*x**3/3 + 2*x**2 - 9*x. Let h(i) = 4*i + 11. Let u be h(-6). Let y = u - -16. Give p(y).
-17
Let i(z) = z**2 - 2*z - 4. Suppose -2*c + 14 = 4*v, 0 = -v - 4*c - c + 8. Suppose 0 = v*g - 15, -5*a + 60 = -3*g + g. Suppose -a - 10 = -8*t. Determine i(t).
-1
Let g(l) = -l**3 + 7 - 6*l**2 - 5 - 9 + 2*l + 0*l**2. Let v be ((-4)/8)/((-1)/(-6)) + 86/(-43). What is g(v)?
-42
Suppose -44 + 62 = 9*r. Let d(i) = -4*i - r - i**2 - 1 + 8*i**2 + 6. What is d(2)?
23
Let l(x) = 3*x - 5. Let y be (-4)/12 - (-82)/(-6). Let p be y/63 - 29/(-9). Let v be (-19)/(-4) - p/4. What is l(v)?
7
Let a = 1 - -1. Let r(j) be the first derivative of j**4/8 - j**3/3 + 13*j**2/2 - 2. Let l(y) be the second derivative of r(y). Determine l(a).
4
Let j(r) be the first derivative of r**6/360 + 3*r**5/40 + 3*r**4/8 - 29*r**3/3 + 61. Let f(y) be the third derivative of j(y). Give f(-8).
1
Let n = 70 - 60. Let c(d) = -5*d - 3. Let q(p) = 14*p + 10. Let t(v) = 8*c(v) + 3*q(v). Give t(n).
26
Let z(y) = -4*y**2 - 22*y + 17. Let c(l) = 3*l**2 + 15*l - 12. Let a(p) = 7*c(p) + 5*z(p). Give a(4).
-3
Let n be (-2)/(-5)*(-165)/(-6). Let m(b) = b**3 - 14*b - 12*b**2 + n*b - 7 + 15*b. Calculate m(11).
4
Suppose 72 = -3*b - 5*v, b - 158*v + 164*v = 2. Let j(h) = -4*h - 150. Determine j(b).
-14
Suppose -1087 = -105*f - 247. Let i(k) be the third derivative of k**4/24 - k**3/3 - 2*k**2. Determine i(f).
6
Let i be (-7 - -5)/(0 + -1). Let k(r) = -r + 2. Let x(a) = -9*a + 21. Let p(q) = i*x(q) - 21*k(q). Suppose -4 = 3*y + 2. Determine p(y).
-6
Let q = 4 - 10. Let d(m) = -2*m**3 + 9*m**2 - 3*m - 260. Let t(f) = 5*f**3 - 19*f**2 + 7*f + 606. Let b(h) = -7*d(h) - 3*t(h). Determine b(q).
2
Let o(x) = -6*x**2 + 5*x**2 - 1 + 2*x**2 - 5*x. Let c be ((-21)/6)/(6 + 78/(-12)). Give o(c).
13
Let k(q) be the third derivative of q**5/60 - q**4/4 - q**3/3 - 14*q**2 - 384*q. Let r = -14 + 10. Let c(z) = -3*z - 5. Let g be c(r). Determine k(g).
5
Let r(z) be the first derivative of 0*z + 13/3*z**3 + 1/2*z**2 - 13. Give r(1).
14
Let u(m) = m - 13. Suppose 2*q + 37 = 3*f, -f - 6 = q + 5. Let g be (35/q)/(5/(-28)). Calculate u(g).
1
Let w(x) = -1 - 20*x**3 + 23*x**3 - 121*x + 123*x + x**2 - 3*x**2. Determine w(1).
2
Let f(p) = -p + 12. Let r(g) = -g**3 - 21*g**2 - 38*g + 1. Let j be r(-19). Let d(u) = 10*u**3 - 2*u**2 + 4*u - 2. Let l be d(j). Calculate f(l).
2
Suppose 4*t - 1 = 5*l - 8, 2*l - 7 = 3*t. Let q be ((-11)/(-3) - 3)*t. Let c(f) be the first derivative of f**3/3 + f**2 - 2*f + 464. Give c(q).
-2
Let g = -146 - -150. Let j(i) = i + 4. Let y be j(0). Suppose -y*t - 4*w = -4, g = t - w - w. Let a(l) = -l + 2. Give a(t).
0
Let z(r) = r**2 + 6*r - 2. Let u = 63 + -134. Let f = u - -73. Suppose -4*o = 2*k + f*k + 8, 0 = -5*k - o - 18. What is z(k)?
-10
Let w(y) = -y**2 - 5*y - 5. Let j(l) = l**2 - 9*l + 27. Let a be j(3). Let d be ((-15)/a - -4)*-3. Give w(d).
-19
Let w = 437 + -405. Let y(m) = 29*m + 2 - 6 + 2*m - w*m. Determine y(-5).
1
Let m(p) = -27*p**3 - p**2. Suppose -357*z - 15 = -372*z. What is m(z)?
-28
Let w(o) = 3*o**3 - 7*o**2 - 5*o + 1. Let f(y) = 5*y**3 - 8*y**2 - 6*y + 1. Let j(p) = -2*f(p) + 3*w(p). Let l be (5 + (2 - 3))/(-1). Give j(l).
-3
Let q(y) be the second derivative of y**5/20 + 3*y**4/4 + 3*y**3/2 + y**2 + y - 24. What is q(-8)?
-6
Let q(m) be the third derivative of 5*m**4/24 - 26*m**3/3 + 3*m**2 - 170. Determine q(9).
-7
Let v(z) = z**3 + 10*z**2 + z + 5. Let l = 384 - 381. Suppose -235 = l*f - 205. Determine v(f).
-5
Suppose 0 = 4*w - 12. Let u(i) = -25*i**2 - 29*i - 3339. Let a(q) = -6*q**2 - 7*q - 806. Let v(m) = 29*a(m) - 7*u(m). Calculate v(w).
8
Let u(d) = -190*d + 6643. Let p be u(35). Let s(z) = z**3 + 9*z**2 + 13*z - 4. Give s(p).
3
Let a(d) be the third derivative of -d**7/840 - d**6/72 - d**5/40 - 5*d**4/24 + 127*d**3/6 - 6*d**2. Let f(h) be the first derivative of a(h). Determine f(-4).
-9
Let o(v) = 6 - 6*v + 0*v + v**2 + 4*v. Suppose -2*d + 59 = 5*i, 3*d + 2*i = 35 + 59. Suppose 15 = -5*a, -6*r + 4*a + d = -2*r. Give o(r).
21
Let x be (-100)/3*(-303)/(-404). Let o(a) = -7*a - 168. What is o(x)?
7
Let l(c) = 4 - 6*c**2 + 6 + 5*c**2 - 9 + 2*c. Let x be (4/42)/((-14)/(-84))*7. Give l(x).
-7
Suppose 7 + 5 = 4*k. Suppose -5174 + 1724 = -10*p. Let y(a) = -345 + 693 + 0*a**2 + 3*a - p - a**2. Determine y(k).
3
Let i(n) be the first derivative of n**4/4 - 34*n**3/3 - 17*n**2 - 33*n + 14. Let v be i(35). Let j(t) = -2*t**3 + t**2 + 3*t - 3. Determine j(v).
-9
Let g(d) be the first derivative of 1/3*d**3 + 1/2*d**2 + 16 - 15*d. Suppose p + 1 = -0*p, 2*a - p - 1 = 0. What is g(a)?
-15
Let c be 3 - ((-5845)/5)/7. Let a be (306/c)/((-6)/20). Let n(w) = 2*w. Give n(a).
-12
Let u = 41 - 20. Let b = u + -9. Suppose -5*v - b + 37 = 0. Let q(m) = -2*m + 6. What is q(v)?
-4
Let w(o) = 6*o + 1. Let c = -1 - 0. Let t be (4/(24/(-9)))/((-15)/20). Let a be c/(t + 2 + -3). Determine w(a).
-5
Let w(s) = 569*s + 7*s**2 - 4 + s**3 + 557*s - 1127*s. Suppose 0 = -3*a - 4*f - 29, -5*a - 5*f + 10 = 55. Calculate w(a).
3
Let c(i) be the third derivative of i**5/60 + 7*i**4/24 + 4*i**3/3 - 3*i**2. Let o be c(-6). Let k(y) = -1 - 4*y + 1 + y**3 - y**3 + y**3 + y**2 + 3. Give k(o).
7
Suppose -114 = 4*p + 146 - 148. Let a(f) = f + 26. What is a(p)?
-2
Let z be 34/10 + 3720/2325. Let m(y) be the first derivative of 2*y**2 + 6*y + 3. What is m(z)?
26
Let o(a) = a**2 - 6*a + 2. Suppose -10*q - 12 + 52 = 0. Suppose 0*w - w = -4*g + 2, q*w = -g + 26. Determine o(w).
2
Let a be (-13)/(-4) + (-4)/16. Let n(d) = -20 - d**a - 5*d**2 - 4*d - 23 - 26 + 67. Suppose -9 = -0*t + 3*t. Calculate n(t).
-8
Let l(b) = 6*b + 52. Let y be l(-9). Let d(n) = -2*n**3 + 10*n**2 - 8*n + 5. Let v(j) = -j**3 + 9*j**2 - 7*j + 6. Let q(m) = y*d(m) + 3*v(m). Calculate q(-8).
-16
Let c(r) = r**3 + 13*r**2 - 13*r + 13. Let n(k) = -50*k - k**3 - 63 - 4*k**2 - 22*k**2 + 15 - 14. Let o be n(-24). Calculate c(o).
-1
Let z(w) = w**3 - 9*w**2 - 10*w - 2. Let b(p) = -p**2 + 6*p + 139. Let y be b(15). Suppose y*f - 4*x = 52, -f - 30*x - 2 = -26*x. Calculate z(f).
-2
Let k(f) be the second derivative of -f**4/12 - 4*f**3/3 - f**2/2 + f. Let v be 5 - 0 - (-120 + 5 + 5). Suppose -150 + v = 5*p. Determine k(p).
6
Suppose 2*c - 2 = 0, -16*x + 13*x - 2*c = -2. Let g(u) = 2*u**2 + u - 2. Let y be g(x). Let f(m) = -m**2 - m + 1. What is f(y)?
-1
Let q(o) be the third derivative of o**8/6720 - o**7/2520 - o**6/360 - 7*o**5/60 - 23*o**2. Let x(p) be the third derivative of q(p). Determine x(-2).
14
Let r(v) = 31*v + 32*v - 7 + 24*v - 79*v - 2*v**2. Calculate r(7).
-49
Let g be (-936)/(-48)*(-28)/(-91). Let o(p) = p**3 - 5*p**2 - 8*p - 8. What is o(g)?
-20
Let j(o) be the second derivative of 3/2*o**2 - 55*o - 1/2*o**3 + 2. Let h(z) = z**2 + 6*z - 5. Let n be h(-7). Determine j(n).
-3
Let w(p) = 3*p**2 + 2*p - 92. Let r(c) = -2*c**2 - c + 58. Let f(x) = 8*r(x) + 5*w(x). Let g = 11 - 6. Suppose -5*q = -5*h + g, 0 - 2 = -q. Determine f(h).
1
Let i(w) = 60*w + 5. Let k(z) = 28*z + 2. Let l(u) = 3*i(u) - 6*k(u). Determine l(6).
75
Suppose -6*l + 2462 = 146. Let u = l - 385. Let t(w) = -4*w + 1. Calculate t(u).
-3
Let a(k) = 1 + 2*k - k + 0*k. Let b = 524 - 494. Suppose 5*z = -4*u - 0*z - 57, -2*z + b = -5*u. Calculate a(u).
-7
Let c be 3*40/30 - (-1 - -1). Let s be (-123)/15*-1 - c/20. Let f(k) = 2*k - 11. Let b(g) = g - 6. Let m(h) = 5*b(h) - 3*f(h). Determine m(s).
-5
Let v(r) be the second derivative of -r**4/12 + 11*r**3/6 - 35*r**2/2 - 9638*r. What is v(7)?
-7
Let y(u) = -3*u - 24*u**2 - 19*u**2 + 86*u**2 + 22 - 24*u**2 - 20*u**2. Determine y(-4).
18
Suppose 0 = -3*l + 2*p + 95, p = -5*l + 95 + 85. Let d